{"id":84049,"date":"2022-03-23T11:10:16","date_gmt":"2022-03-23T11:10:16","guid":{"rendered":"https:\/\/www.lausengier.com\/?page_id=84049"},"modified":"2022-06-07T10:34:53","modified_gmt":"2022-06-07T10:34:53","slug":"mobilitat","status":"publish","type":"page","link":"https:\/\/www.lausengier.com\/ca\/mobilitat\/","title":{"rendered":"Mobilitat"},"content":{"rendered":"<div class=\"wpb-content-wrapper\"><div data-parent=\"true\" class=\"vc_row row-container boomapps_vcrow\" id=\"row-unique-0\"><div class=\"row limit-width row-parent\"><div class=\"wpb_row row-inner\"><div class=\"wpb_column pos-top pos-center align_left column_parent col-lg-12 boomapps_vccolumn single-internal-gutter\"><div class=\"uncol style-light\"  ><div class=\"uncoltable\"><div class=\"uncell  boomapps_vccolumn no-block-padding\" ><div class=\"uncont\" ><div class=\"empty-space empty-single\" ><span class=\"empty-space-inner\"><\/span><\/div>\n<div class=\"uncode_text_column\" ><\/p>\n<p style=\"text-align: center;\">LAUSENGIER planifica la mobilitat de la ciutat de forma integral, conjuntament amb tots els agents implicats i tenint en compte els diferents mitjans de transport privat i col\u00b7lectiu, el despla\u00e7ament a peu, l'\u00fas de la bicicleta i de l'aparcament, aix\u00ed com tamb\u00e9 els seus impactes mediambientals.<\/p>\n<p>\n<\/div><div class=\"empty-space empty-double\" ><span class=\"empty-space-inner\"><\/span><\/div>\n<\/div><\/div><\/div><\/div><\/div><script id=\"script-row-unique-0\" data-row=\"script-row-unique-0\" type=\"text\/javascript\" class=\"vc_controls\">UNCODE.initRow(document.getElementById(\"row-unique-0\"));<\/script><\/div><\/div><\/div><div data-parent=\"true\" class=\"vc_row has-bg need-focus style-color-lxmt-bg row-container boomapps_vcrow\" id=\"row-unique-1\"><div class=\"row limit-width row-parent\"><div class=\"wpb_row row-inner\"><div class=\"wpb_column pos-top pos-center align_left column_parent col-lg-12 boomapps_vccolumn single-internal-gutter\"><div class=\"uncol style-light\"  ><div class=\"uncoltable\"><div class=\"uncell  boomapps_vccolumn no-block-padding\" ><div class=\"uncont\" ><div class=\"vc_row row-internal row-container boomapps_vcrow\"><div class=\"row row-child\"><div class=\"wpb_row row-inner\"><div class=\"wpb_column pos-top pos-center align_left column_child col-lg-3 boomapps_vccolumn single-internal-gutter\"><div class=\"uncol style-light\" ><div class=\"uncoltable\"><div class=\"uncell  boomapps_vccolumn no-block-padding\" ><div class=\"uncont\" ><div class=\"vc_custom_heading_wrap\"><div class=\"heading-text el-text\" ><h2 class=\"h2\" ><span>Com ho fem?<\/span><\/h2><\/div><div class=\"clear\"><\/div><\/div><\/div><\/div><\/div><\/div><\/div><div class=\"wpb_column pos-top pos-center align_left column_child col-lg-9 boomapps_vccolumn single-internal-gutter\"><div class=\"uncol style-light\" ><div class=\"uncoltable\"><div class=\"uncell  boomapps_vccolumn no-block-padding\" ><div class=\"uncont\" ><div class=\"uncode_text_column\" ><\/p>\n<p style=\"text-align: left;\"><span style=\"font-size: 14pt;\"><strong>Modernitzaci\u00f3 de la mobilitat (Smart Cities)<\/strong><\/span><\/p>\n<p style=\"text-align: left;\">Dissenyem i avaluen l'efecte que es produeix en el tr\u00e0nsit de vehicles a causa de la implantaci\u00f3 de dispositius ITS, IOT o altres a la infraestructura vi\u00e0ria per tal d\u2019absorbir augments en la demanda o millorar la qualitat del servei i la presa de decisions.<\/p>\n<p>&nbsp;<\/p>\n<p style=\"text-align: left;\"><span style=\"font-size: 14pt;\"><strong>Plans de mobilitat per a empreses (PMSP)<\/strong><\/span><\/p>\n<p style=\"text-align: left;\">Els Plans de mobilitat sostenible per al personal d\u2019Administraci\u00f3, entitats p\u00fabliques i empreses (PMSP) s\u00f3n una eina de gesti\u00f3 per fer m\u00e9s sostenible i segura la mobilitat de treballadors i visitants. Segons la legislaci\u00f3 vigent per a la millora de la qualitat de l'aire, les empreses amb m\u00e9s de 100 treballadors propis o externs han de disposar d'un (PMSP). Aquests plans s' elaboren mitjan\u00e7ant un proc\u00e9s metodol\u00f2gic que consta de: diagnosi de la mobilitat, propostes de millora, programa d' implementaci\u00f3 i seguiment del Pla. Els objectius principals dels PMSP s\u00f3n: donar impuls a la mobilitat sostenible, l'estalvi de consum energ\u00e8tic, l'increment de la seguretat vi\u00e0ria i l'increment de la productivitat i la competitivitat.<\/p>\n<p>&nbsp;<\/p>\n<p style=\"text-align: left;\"><span style=\"font-size: 14pt;\"><strong>Plans directors de mobilitat<\/strong><\/span><\/p>\n<p style=\"text-align: left;\">S\u00f3n els instruments que garanteixen el desenvolupament coordinat de les estrat\u00e8gies de gesti\u00f3 de la mobilitat en un \u00e0mbit regional. Es propugna un model de mobilitat sostenible, amb un car\u00e0cter transversal que integri les diferents disciplines que actuen sobre la mobilitat, amb l'objectiu de garantir l'accessibilitat b\u00e0sica a totes les persones i que col\u00b7labori en el principi de facilitar la igualtat d'oportunitats a tots els ciutadans.<\/p>\n<p>&nbsp;<\/p>\n<p style=\"text-align: left;\"><span style=\"font-size: 14pt;\"><strong>Plans de mobilitat urbana i estudis de mobilitat privada<\/strong><\/span><\/p>\n<p style=\"text-align: left;\">\u00c9s una eina de primer ordre per millorar la qualitat de vida de les nostres ciutats; imprescindible per poder planificar un territori amb qualitat, i no nom\u00e9s des del punt de vista de la mobilitat, sin\u00f3 tamb\u00e9 des del punt de vista ambiental , urban\u00edstic , social i econ\u00f2mic.<\/p>\n<p style=\"text-align: left;\">Elaborem Plans de mobilitat privada de nous sectors urban\u00edstics i d\u2019activitats ja siguin comercials, terciaris, industrials, log\u00edstics, assistencials i\/o qualsevol tipus d\u2019esdeveniments de manera que les infraestructures i transport p\u00fablic tingui la capacitat de servei \u00f2ptim perqu\u00e8 siguin t\u00e8cnica i econ\u00f2micament viables.<\/p>\n<p>&nbsp;<\/p>\n<p><span style=\"font-size: 14pt;\"><strong>Estudis d'impacte viari<\/strong><\/span><\/p>\n<p>Avaluen l' efecte que es produeix en el tr\u00e0nsit de vehicles a causa de modificacions en la infraestructura vi\u00e0ria o augments en la demanda.<\/p>\n<\/div><\/div><\/div><\/div><\/div><\/div><\/div><\/div><\/div><\/div><\/div><\/div><\/div><\/div><script id=\"script-row-unique-1\" data-row=\"script-row-unique-1\" type=\"text\/javascript\" class=\"vc_controls\">UNCODE.initRow(document.getElementById(\"row-unique-1\"));<\/script><\/div><\/div><\/div><div data-parent=\"true\" class=\"vc_row has-bg need-focus style-color-105272-bg row-container boomapps_vcrow\" id=\"row-unique-2\"><div class=\"row-background background-element\">\n\t\t\t\t\t\t\t\t\t\t\t<div class=\"background-wrapper\">\n\t\t\t\t\t\t\t\t\t\t\t\t<div class=\"background-inner\" style=\"background-image: url(https:\/\/www.lausengier.com\/wp-content\/uploads\/2022\/03\/contact_background.jpg);background-repeat: no-repeat;background-position: center center;background-attachment: scroll;background-size: cover;\"><\/div>\n\t\t\t\t\t\t\t\t\t\t\t\t\n\t\t\t\t\t\t\t\t\t\t\t<\/div>\n\t\t\t\t\t\t\t\t\t\t<\/div><div class=\"row limit-width row-parent\" data-height-ratio=\"90\"><div class=\"wpb_row row-inner\"><div class=\"wpb_column pos-middle pos-center align_center column_parent col-lg-12 boomapps_vccolumn single-internal-gutter\"><div class=\"uncol style-spec style-dark\"  ><div class=\"uncoltable\"><div class=\"uncell  boomapps_vccolumn no-block-padding\" ><div class=\"uncont\" ><div class=\"vc_custom_heading_wrap\"><div class=\"heading-text el-text\" ><h2 class=\"h2\" ><span><span style=\"font-size: 24pt;\">Explica'ns la teva idea<\/span><\/span><\/h2><\/div><div class=\"clear\"><\/div><\/div><div class=\"uncode_text_column\" ><\/p>\n<p style=\"text-align: center;\"><span style=\"font-size: 12pt;\">Ens posarem en contacte amb tu per a con\u00e8ixer el teu projecte<\/span><\/p>\n<p>\n<\/div><span class=\"btn-container\" ><a role=\"button\"  href=\"https:\/\/www.lausengier.com\/ca\/contacte\/\" class=\"custom-link btn btn-xl border-width-0 btn-default btn-icon-left\" title=\"Contacta amb nosaltres\" target=\"_blank\">Contacte<\/a><\/span><\/div><\/div><\/div><\/div><\/div><script id=\"script-row-unique-2\" data-row=\"script-row-unique-2\" type=\"text\/javascript\" class=\"vc_controls\">UNCODE.initRow(document.getElementById(\"row-unique-2\"));<\/script><\/div><\/div><\/div>\n<\/div>","protected":false},"excerpt":{"rendered":"LAUSENGIER plans the mobility of the city in a comprehensive way, together with all the agents involved and taking into [...]","protected":false},"author":1,"featured_media":0,"parent":0,"menu_order":0,"comment_status":"closed","ping_status":"closed","template":"","meta":{"footnotes":""},"class_list":["post-84049","page","type-page","status-publish","hentry"],"_links":{"self":[{"href":"https:\/\/www.lausengier.com\/ca\/wp-json\/wp\/v2\/pages\/84049","targetHints":{"allow":["GET"]}}],"collection":[{"href":"https:\/\/www.lausengier.com\/ca\/wp-json\/wp\/v2\/pages"}],"about":[{"href":"https:\/\/www.lausengier.com\/ca\/wp-json\/wp\/v2\/types\/page"}],"author":[{"embeddable":true,"href":"https:\/\/www.lausengier.com\/ca\/wp-json\/wp\/v2\/users\/1"}],"replies":[{"embeddable":true,"href":"https:\/\/www.lausengier.com\/ca\/wp-json\/wp\/v2\/comments?post=84049"}],"version-history":[{"count":12,"href":"https:\/\/www.lausengier.com\/ca\/wp-json\/wp\/v2\/pages\/84049\/revisions"}],"predecessor-version":[{"id":103222,"href":"https:\/\/www.lausengier.com\/ca\/wp-json\/wp\/v2\/pages\/84049\/revisions\/103222"}],"wp:attachment":[{"href":"https:\/\/www.lausengier.com\/ca\/wp-json\/wp\/v2\/media?parent=84049"}],"curies":[{"name":"wp","href":"https:\/\/api.w.org\/{rel}","templated":true}]}}

<div class="wpb-content-wrapper"><div data-parent="true" class="vc_row row-container boomapps_vcrow" id="row-unique-0"><div class="row limit-width row-parent"><div class="wpb_row row-inner"><div class="wpb_column pos-top pos-center align_left column_parent col-lg-12 boomapps_vccolumn single-internal-gutter"><div class="uncol style-light"  ><div class="uncoltable"><div class="uncell  boomapps_vccolumn no-block-padding" ><div class="uncont" ><div class="empty-space empty-single" ><span class="empty-space-inner"></span></div>
<div class="uncode_text_column" ></p>
<p style="text-align: center;">LAUSENGIER planifica la mobilitat de la ciutat de forma integral, conjuntament amb tots els agents implicats i tenint en compte els diferents mitjans de transport privat i col·lectiu, el desplaçament a peu, l'ús de la bicicleta i de l'aparcament, així com també els seus impactes mediambientals.</p>
<p>
</div><div class="empty-space empty-double" ><span class="empty-space-inner"></span></div>
</div></div></div></div></div><script id="script-row-unique-0" data-row="script-row-unique-0" type="text/javascript" class="vc_controls">UNCODE.initRow(document.getElementById("row-unique-0"));</script></div></div></div><div data-parent="true" class="vc_row has-bg need-focus style-color-lxmt-bg row-container boomapps_vcrow" id="row-unique-1"><div class="row limit-width row-parent"><div class="wpb_row row-inner"><div class="wpb_column pos-top pos-center align_left column_parent col-lg-12 boomapps_vccolumn single-internal-gutter"><div class="uncol style-light"  ><div class="uncoltable"><div class="uncell  boomapps_vccolumn no-block-padding" ><div class="uncont" ><div class="vc_row row-internal row-container boomapps_vcrow"><div class="row row-child"><div class="wpb_row row-inner"><div class="wpb_column pos-top pos-center align_left column_child col-lg-3 boomapps_vccolumn single-internal-gutter"><div class="uncol style-light" ><div class="uncoltable"><div class="uncell  boomapps_vccolumn no-block-padding" ><div class="uncont" ><div class="vc_custom_heading_wrap"><div class="heading-text el-text" ><h2 class="h2" ><span>Com ho fem?</span></h2></div><div class="clear"></div></div></div></div></div></div></div><div class="wpb_column pos-top pos-center align_left column_child col-lg-9 boomapps_vccolumn single-internal-gutter"><div class="uncol style-light" ><div class="uncoltable"><div class="uncell  boomapps_vccolumn no-block-padding" ><div class="uncont" ><div class="uncode_text_column" ></p>
<p style="text-align: left;"><span style="font-size: 14pt;"><strong>Modernització de la mobilitat (Smart Cities)</strong></span></p>
<p style="text-align: left;">Dissenyem i avaluen l'efecte que es produeix en el trànsit de vehicles a causa de la implantació de dispositius ITS, IOT o altres a la infraestructura viària per tal d’absorbir augments en la demanda o millorar la qualitat del servei i la presa de decisions.</p>
<p>&nbsp;</p>
<p style="text-align: left;"><span style="font-size: 14pt;"><strong>Plans de mobilitat per a empreses (PMSP)</strong></span></p>
<p style="text-align: left;">Els Plans de mobilitat sostenible per al personal d’Administració, entitats públiques i empreses (PMSP) són una eina de gestió per fer més sostenible i segura la mobilitat de treballadors i visitants. Segons la legislació vigent per a la millora de la qualitat de l'aire, les empreses amb més de 100 treballadors propis o externs han de disposar d'un (PMSP). Aquests plans s' elaboren mitjançant un procés metodològic que consta de: diagnosi de la mobilitat, propostes de millora, programa d' implementació i seguiment del Pla. Els objectius principals dels PMSP són: donar impuls a la mobilitat sostenible, l'estalvi de consum energètic, l'increment de la seguretat viària i l'increment de la productivitat i la competitivitat.</p>
<p>&nbsp;</p>
<p style="text-align: left;"><span style="font-size: 14pt;"><strong>Plans directors de mobilitat</strong></span></p>
<p style="text-align: left;">Són els instruments que garanteixen el desenvolupament coordinat de les estratègies de gestió de la mobilitat en un àmbit regional. Es propugna un model de mobilitat sostenible, amb un caràcter transversal que integri les diferents disciplines que actuen sobre la mobilitat, amb l'objectiu de garantir l'accessibilitat bàsica a totes les persones i que col·labori en el principi de facilitar la igualtat d'oportunitats a tots els ciutadans.</p>
<p>&nbsp;</p>
<p style="text-align: left;"><span style="font-size: 14pt;"><strong>Plans de mobilitat urbana i estudis de mobilitat privada</strong></span></p>
<p style="text-align: left;">És una eina de primer ordre per millorar la qualitat de vida de les nostres ciutats; imprescindible per poder planificar un territori amb qualitat, i no només des del punt de vista de la mobilitat, sinó també des del punt de vista ambiental , urbanístic , social i econòmic.</p>
<p style="text-align: left;">Elaborem Plans de mobilitat privada de nous sectors urbanístics i d’activitats ja siguin comercials, terciaris, industrials, logístics, assistencials i/o qualsevol tipus d’esdeveniments de manera que les infraestructures i transport públic tingui la capacitat de servei òptim perquè siguin tècnica i econòmicament viables.</p>
<p>&nbsp;</p>
<p><span style="font-size: 14pt;"><strong>Estudis d'impacte viari</strong></span></p>
<p>Avaluen l' efecte que es produeix en el trànsit de vehicles a causa de modificacions en la infraestructura viària o augments en la demanda.</p>
</div></div></div></div></div></div></div></div></div></div></div></div></div></div><script id="script-row-unique-1" data-row="script-row-unique-1" type="text/javascript" class="vc_controls">UNCODE.initRow(document.getElementById("row-unique-1"));</script></div></div></div><div data-parent="true" class="vc_row has-bg need-focus style-color-105272-bg row-container boomapps_vcrow" id="row-unique-2"><div class="row-background background-element">
											<div class="background-wrapper">
												<div class="background-inner" style="background-image: url(https://www.lausengier.com/wp-content/uploads/2022/03/contact_background.jpg);background-repeat: no-repeat;background-position: center center;background-attachment: scroll;background-size: cover;"></div>
												
											</div>
										</div><div class="row limit-width row-parent" data-height-ratio="90"><div class="wpb_row row-inner"><div class="wpb_column pos-middle pos-center align_center column_parent col-lg-12 boomapps_vccolumn single-internal-gutter"><div class="uncol style-spec style-dark"  ><div class="uncoltable"><div class="uncell  boomapps_vccolumn no-block-padding" ><div class="uncont" ><div class="vc_custom_heading_wrap"><div class="heading-text el-text" ><h2 class="h2" ><span><span style="font-size: 24pt;">Explica'ns la teva idea</span></span></h2></div><div class="clear"></div></div><div class="uncode_text_column" ></p>
<p style="text-align: center;"><span style="font-size: 12pt;">Ens posarem en contacte amb tu per a conèixer el teu projecte</span></p>
<p>
</div><span class="btn-container" ><a role="button"  href="https://www.lausengier.com/ca/contacte/" class="custom-link btn btn-xl border-width-0 btn-default btn-icon-left" title="Contacta amb nosaltres" target="_blank">Contacte</a></span></div></div></div></div></div><script id="script-row-unique-2" data-row="script-row-unique-2" type="text/javascript" class="vc_controls">UNCODE.initRow(document.getElementById("row-unique-2"));</script></div></div></div>
</div>
